
Let s be -1 + 1 + 3 + -1. Let z(w) = 4*w**3 - w**2 - 2*w + 2. Let g(b) = -b**3. Let l(a) = -3*g(a) - z(a). Let k be l(s). Let v(f) = f**2 + 3*f + 1. Give v(k).
-1
Let b(x) = x**2 - 2*x + 5. Let g be b(-5). Let u(j) = -g*j + 2*j**3 - 3*j**2 + 40*j + 1. Let y(n) = n**2 - 4*n - 3. Let s be y(5). Give u(s).
5
Let z(w) be the second derivative of w**3/2 - 8*w. Calculate z(3).
9
Suppose -34*j = -30*j + 40. Let x(l) = -l**2 - 10*l + 1. Determine x(j).
1
Let d(r) = 2*r + 2. Let b be (11 + -5)/(1*-2). Determine d(b).
-4
Suppose -5*u - 6 + 1 = 0. Let z be (-15)/(-6)*(-1 + u). Let w(i) = i**3 + 6*i**2 + 5*i - 3. Give w(z).
-3
Let l(i) = -i + 0*i + 0*i. Let x = -115 - -117. What is l(x)?
-2
Let q(f) = f + 3 - 5*f**2 + 0 - f**3 + 2*f + 1. Determine q(-5).
-11
Let o(i) = -i + 6. Let t = -6 - -4. Let w(r) = -2*r**3 + 2*r. Let d be w(t). Suppose n + 2*n = d. Determine o(n).
2
Let g(m) be the third derivative of -1/6*m**3 - 1/60*m**5 - 1/24*m**4 + 3*m**2 + 0 + 0*m. Let i(n) = n + 2. Let c be i(-2). What is g(c)?
-1
Let z = -4 + 6. Let l(b) = b**z + b - 4*b - 4 - 4*b. Let o be l(7). Let v(n) = n + 2. What is v(o)?
-2
Let f(h) = -h**3 - 3*h**2 - h + 2. Let z = -1 - 0. Let p be -2 - (-1 - z - 0). Let r = p + 0. Give f(r).
0
Let g(q) be the third derivative of -5/24*q**4 + 2*q**2 - 1/12*q**5 - 4/3*q**3 + 0 + 0*q + 1/120*q**6. Let o(m) = m**2 + 4*m + 6. Let w be o(-4). What is g(w)?
-2
Let o(j) be the first derivative of -j**4/4 - 4*j**3/3 + 2*j + 4. Determine o(-4).
2
Let d(r) be the third derivative of -r**5/60 - r**4/24 + r**3/3 + 51*r**2. Give d(-3).
-4
Let h(c) = c**2 - 9*c + 17. Let v be h(6). Let g(u) = 10*u + 1. Calculate g(v).
-9
Let h = 7 - 5. Let q(v) = 3 - 1 - 1 + 3*v**h - v**2. Give q(1).
3
Let o(c) be the second derivative of -c**6/360 + c**5/20 - c**4/12 + 2*c**3/3 + 4*c. Let y(l) be the second derivative of o(l). Give y(5).
3
Let l(n) = -8*n - n**2 + 1 - 15*n - 1 + 20*n. Let m(z) = -z**3 - 4*z**2 + 2*z + 6. Let k be m(-4). Calculate l(k).
2
Let u(c) = c**2 - 7*c + 5. Let o = 8 + -8. Suppose 2*m - m + 12 = 4*x, o = -3*x - 5*m + 32. What is u(x)?
-7
Let a(t) = t + 14. Let v(j) = -5*j + 11. Let q be v(4). What is a(q)?
5
Let d(l) = 6*l - 3. Let w(i) = -2*i + 1. Let h(f) = -2*d(f) - 7*w(f). Suppose -b + 2 = 1. Give h(b).
1
Suppose -5 = -5*l + 5. Suppose 18 - l = -4*q. Let x(h) = h - 5. Give x(q).
-9
Let c(m) = -3*m**2 - 10*m - 6. Let r(l) = 7*l**2 + 21*l + 12. Let z(w) = -9*c(w) - 4*r(w). Calculate z(8).
-10
Let d(t) be the first derivative of 2 + 2*t**2 + 3*t + 1/3*t**3. What is d(-5)?
8
Suppose -x + 5*c = -6*x, 0 = 3*x - 5*c - 8. Let p = 2 - x. Let u(j) = j - 7 + p + 2 + j**2 + 2. Determine u(-2).
0
Let o(x) = 3*x**3 - 5*x**2 + 3*x - 6. Let k(v) = -7 - 2 - 8*v**2 + 0*v**3 - 3*v**3 + 4*v + 8*v**3. Let j(y) = 5*k(y) - 8*o(y). Determine j(2).
3
Let n = -2 - -4. Let x(q) = -q**2 + q**2 + 1 + q**2 + n. Let m be x(0). Let i(j) = -j - 3. What is i(m)?
-6
Let u = 4 + -6. Let f(d) = -3. Let q(z) = -z + 12. Let b(s) = u*q(s) - 9*f(s). Give b(-2).
-1
Let f(s) = -s**2 + 12*s - 4. Let n(b) = -b**2 + 2*b + 27. Let x be n(5). What is f(x)?
-4
Let k be 90/21 + 6/(-21). Let s(h) = -2*h + 1 + k + 0 - 3. Give s(5).
-8
Let g(o) = o**3 - 2*o**2 - 3*o. Let i = -26 - -15. Let w be (-2)/(-8) - (-33)/(-4). Let x = w - i. Determine g(x).
0
Suppose t - 4 = 5*t. Let n(w) = -2*w - 1. Let v be n(t). Let d(k) = k - 1. Give d(v).
0
Let a(t) = 13*t - 6. Let r(m) = -12*m + 7. Let l(o) = -6*a(o) - 5*r(o). Determine l(1).
-17
Let x = 3 + -12. Let r(y) = -y**3 - 9*y**2 - 1. Let n be r(x). Let a(z) = 10*z**3 - z. Calculate a(n).
-9
Let b be (3/(-6))/(3/18). Let s(p) = -4*p**2 + 3*p - 1. Let f(x) = 3*x**2 - 4*x + 1. Let d(g) = b*f(g) - 2*s(g). Determine d(4).
7
Let s be (10/(-3))/((-18)/27). Let d(z) = -4*z**3 - 2*z + s + 2*z**3 + z**3 + 4*z**2. What is d(4)?
-3
Let a(s) be the first derivative of s**3/3 + s**2/2 - 2*s - 10. Suppose 0 = -0*u + 2*u + 4. What is a(u)?
0
Let w(d) = -d + 3. Let r be (-440)/(-70) + 2/(-7). Calculate w(r).
-3
Let q = 9/2 - 19/6. Let m(p) be the third derivative of 0 + p**2 - 1/60*p**5 + 0*p - q*p**3 + 1/4*p**4. Give m(6).
-8
Let q(n) be the third derivative of n**6/120 + n**5/12 + n**4/12 + 2*n**3/3 + 12*n**2. Calculate q(-5).
-6
Suppose 0 = -17*x + 16*x - 3. Let v(l) = l**2 + 5*l + 4. Give v(x).
-2
Suppose -22*a = -14*a - 8. Suppose 0 = -2*h + 2 - 0. Let m(f) = -h + 3*f**3 - f + 1. Determine m(a).
2
Let r(m) = 24 - 20 - 14 - m. Calculate r(-9).
-1
Suppose 0 = 4*j + 2*m - 18, -2*m + 12 = 2*j + j. Let v(g) = g**3 - 7*g**2 + 8*g. Give v(j).
12
Let h(r) be the second derivative of -r**6/60 + r**4/12 + r**3/6 + 3*r**2 - 3*r. Let p(k) be the first derivative of h(k). What is p(-1)?
1
Let w be -2 - (0 - (0 + 0)). Let r(j) = 2*j + 312*j**2 - 311*j**2 - 4*j - 2. Calculate r(w).
6
Let z be 3*1 - (4 - (-6 - -9)). Let l(w) = 3*w**2 - 3*w + 1. Give l(z).
7
Let r(w) = 3*w**3 + 2*w**2 - 1. Let h = -31 + 32. Calculate r(h).
4
Let w(x) = -1. Let h(z) = -z - 3. Let f(b) = -2*h(b) - 2*w(b). Determine f(-7).
-6
Let k(h) be the second derivative of -h**4/12 - h**3/6 + 3*h**2 - h. Give k(-5).
-14
Let m(x) = -x**3 - 6*x**2 - 2*x - 8. Let l = -62 - -56. Calculate m(l).
4
Let d(i) = -3*i**3 + 6*i**2 + 5*i. Suppose 13 = -u + 18. Let h(s) = s**3 - s**2 - s. Let a(z) = u*h(z) + d(z). Determine a(-1).
-1
Let c(x) = x**3 - x. Suppose 0 = i + i + 2. Let t be 4 + i - (3 - -3). Let b = t + 3. What is c(b)?
0
Let q be (-1*(2 - 1))/(-1). Let f(m) = q - 3*m + 3*m - 8*m**2. Let p be ((-32)/(-12) + -3)*3. What is f(p)?
-7
Let g(i) = -4 + 2 - 5*i + 5. Let o(m) = -m + 1. Let s be 25/10 - (-6)/(-4). Let k(j) = s*g(j) - 6*o(j). Calculate k(0).
-3
Let s(z) = -9*z + 1. Suppose 2*m = -5*t + 12, 5*t - 2*t - 9 = -3*m. What is s(m)?
-8
Let u(q) be the third derivative of q**6/120 + q**5/60 + q**4/24 + q**3/6 + 4*q**2. Suppose 2*z - 3*z = 0. Give u(z).
1
Suppose t - 4*m - 2 + 0 = 0, -3*m = 4*t - 8. Let b(i) = 2*i - 7. Let k be b(9). Suppose t*u + k = -3*q, q - 6*q = -4*u + 33. Let l(r) = 2*r + 3. Determine l(q).
-7
Suppose 5*v + 3*j = -10 + 25, 2*v - 6 = 4*j. Suppose 2*f + 4 = 2*x, -2*f + 8 = 4*x + v*f. Let n(y) = 2*y**3 - 4*y**2 + 3*y - 2. Calculate n(x).
4
Let w = -12 - -18. Let l(t) be the first derivative of -t**4/4 + 7*t**3/3 - 3*t**2 - 6*t - 2. Calculate l(w).
-6
Let f(w) = 7*w**3 + 9*w**2 + 6*w - 6. Let b(s) = 6*s**3 + 8*s**2 + 4*s - 6. Let m(h) = 6*b(h) - 5*f(h). Suppose -3*n + 3 = -2*n, 3*n = 5*k + 29. Calculate m(k).
2
Let n(k) = -2*k**2 - 5*k**3 + 3 + 0*k**3 - 2. Suppose -35*d + 13 = -22*d. What is n(d)?
-6
Let g(b) be the second derivative of 7*b + 0 + b**2 + 1/2*b**3. Calculate g(3).
11
Suppose -5 = 18*k - 113. Let u(z) = -z**3 + 5*z**2 + 4*z + 2. Determine u(k).
-10
Let w be ((-2)/(-6))/((-1)/(-9)). Suppose w*f + 6 = 5*f. Suppose -2*c + 5*m = -8, -f*c - 30 = -0*c + 3*m. Let k(i) = -i - 5. What is k(c)?
1
Let i(r) = -r - 4. Let z be i(-1). Let p(u) = u + 3. Determine p(z).
0
Let p(z) = -z**2 + z + 3. Let y(u) = -u - 18. Let f be y(-21). Determine p(f).
-3
Let c(n) = -2*n**2 - 2*n + 1. Let i be 3/(-4 - 10/(-4)). Let y be -4 - (3 + -7) - i. Give c(y).
-11
Let c = 86 - 88. Let q(b) = -3*b**3 - 4*b**2 - 2*b + 1. Calculate q(c).
13
Let k(d) be the first derivative of -1 - 1/3*d**3 - 5/2*d**2 - 5*d. Let x be k(-5). Let r(j) = j**3 + 5*j**2 - 7. Determine r(x).
-7
Let i(c) = c**3 - 9*c**2 - 10*c + 4. Let m be i(10). Suppose -m*u = -4*n - 20, 0*n - u - 19 = 5*n. Let j(o) = o**2 + 8*o + 5. What is j(n)?
-11
Let g(p) = -2*p - 2*p**2 - 3 + 4*p + p. Let x(j) = -2*j - 5. Let i be x(-4). Suppose 4*c = 0, -2*r - 8*c + 4 = -i*c. Determine g(r).
-5
Let u(k) = 7*k**3 - 12*k**2 + 4*k - 10. Let r(o) = 11*o**3 - 18*o**2 + 6*o - 15. Let f(j) = -5*r(j) + 8*u(j). Suppose -3*n - 4*n + 42 = 0. What is f(n)?
7
Let h(c) = -c + 4. Let r be h(0). Let a(b) = -b**2 + 11*b - 12. Let z(s) = s**2 - 12*s + 13. Let y(o) = 7*a(o) + 6*z(o). What is y(r)?
-2
Let r = -89/2 - -45. Let n(i) be the first derivative of -r*i**2 + 1 - 4*i. Determine n(-5).
1
Let q(w) = 2*w**3. Let a be q(1). Suppose 2*i - a = i. Let d(v) = -v**3 + 5*v**2 - 2*v + 1. Determine d(i).
9
Let z(a) be the first derivative of 11*a**2/2 + a - 21. What is z(-1)?
-10
Let d(b) = -6*b - 1. Let i(m) = 2*m - 3. Let g be i(2). Suppose h + 2*h = 6. Let c = h - g. Give d